{"id":485,"date":"2023-09-29T11:55:44","date_gmt":"2023-09-29T09:55:44","guid":{"rendered":"https:\/\/pecesbaratos.es\/?page_id=485"},"modified":"2023-09-30T18:31:35","modified_gmt":"2023-09-30T16:31:35","slug":"envios","status":"publish","type":"page","link":"https:\/\/pecesbaratos.es\/index.php\/envios\/","title":{"rendered":"Env\u00edos"},"content":{"rendered":"\n<p>Realizamos env\u00edos a los siguientes paises:<\/p>\n\n\n\n<p>ESPA\u00d1A (Peninsula)<\/p>\n\n\n\n<p>ESPA\u00d1A (Baleares)<\/p>\n\n\n\n<p>ESPA\u00d1A (Canarias)<\/p>\n\n\n\n<p>PORTUGAL<\/p>\n\n\n\n<p>FRANCIA<\/p>\n\n\n\n<p>ITALIA<\/p>\n\n\n\n<p>BELGICA<\/p>\n\n\n\n<p>LUXENBURGO<\/p>\n\n\n\n<p>ALEMANIA<\/p>\n\n\n\n<p>PAISES BAJOS<\/p>\n\n\n\n<p>GRECIA<\/p>\n\n\n\n<p>DINAMARCA<\/p>\n\n\n\n<p>SUECIA<\/p>\n\n\n\n<p>NORUEGA<\/p>\n\n\n\n<p>IRLANDA<\/p>\n\n\n\n<p>IRLANDA DEL NORTE (UK)<\/p>\n\n\n\n<p>CROACIA<\/p>\n\n\n\n<p>POLONIA<\/p>\n\n\n\n<p>REPUBLICA CHECA<\/p>\n\n\n\n<p>HUNGRIA<\/p>\n\n\n\n<p><\/p>\n\n\n\n<p><\/p>\n\n\n\n<p><\/p>\n\n\n\n<p><\/p>\n","protected":false},"excerpt":{"rendered":"<p>Realizamos env\u00edos a los siguientes paises: ESPA\u00d1A (Peninsula) ESPA\u00d1A (Baleares) ESPA\u00d1A (Canarias) PORTUGAL FRANCIA ITALIA BELGICA LUXENBURGO ALEMANIA PAISES BAJOS GRECIA DINAMARCA SUECIA NORUEGA IRLANDA IRLANDA DEL NORTE (UK) CROACIA POLONIA REPUBLICA CHECA HUNGRIA<\/p>\n","protected":false},"author":1,"featured_media":0,"parent":0,"menu_order":0,"comment_status":"closed","ping_status":"closed","template":"","meta":{"footnotes":""},"class_list":["post-485","page","type-page","status-publish","hentry"],"_links":{"self":[{"href":"https:\/\/pecesbaratos.es\/index.php\/wp-json\/wp\/v2\/pages\/485","targetHints":{"allow":["GET"]}}],"collection":[{"href":"https:\/\/pecesbaratos.es\/index.php\/wp-json\/wp\/v2\/pages"}],"about":[{"href":"https:\/\/pecesbaratos.es\/index.php\/wp-json\/wp\/v2\/types\/page"}],"author":[{"embeddable":true,"href":"https:\/\/pecesbaratos.es\/index.php\/wp-json\/wp\/v2\/users\/1"}],"replies":[{"embeddable":true,"href":"https:\/\/pecesbaratos.es\/index.php\/wp-json\/wp\/v2\/comments?post=485"}],"version-history":[{"count":2,"href":"https:\/\/pecesbaratos.es\/index.php\/wp-json\/wp\/v2\/pages\/485\/revisions"}],"predecessor-version":[{"id":1281,"href":"https:\/\/pecesbaratos.es\/index.php\/wp-json\/wp\/v2\/pages\/485\/revisions\/1281"}],"wp:attachment":[{"href":"https:\/\/pecesbaratos.es\/index.php\/wp-json\/wp\/v2\/media?parent=485"}],"curies":[{"name":"wp","href":"https:\/\/api.w.org\/{rel}","templated":true}]}}