{"id":927,"date":"2023-09-29T16:29:28","date_gmt":"2023-09-29T14:29:28","guid":{"rendered":"https:\/\/pecesbaratos.es\/index.php\/affiliate-dashboard\/"},"modified":"2023-12-06T17:35:09","modified_gmt":"2023-12-06T16:35:09","slug":"affiliate-dashboard","status":"publish","type":"page","link":"https:\/\/pecesbaratos.es\/index.php\/affiliate-dashboard\/","title":{"rendered":"Programa de afiliados"},"content":{"rendered":"\n<p>Con nuestro programa de afiliados puedes ganar descuentos o comisiones por recomendar productos o servicios a otras personas. En el caso espec\u00edfico de Wildfishbcn.es, nuestro programa de afiliados te ofrece la oportunidad de recibir un 10% del importe que pague tu referido en un cheque descuento para tu pr\u00f3xima compra. Imagina que tienes amigos o conocidos a quienes les encanta comprar online. Puedes invitarlos a visitar wildfishbcn.es, y si realizan una compra utilizando tu enlace de afiliado, recibir\u00e1s un 10% del importe que paguen. Esta comisi\u00f3n se te entregar\u00e1 en forma de un cheque descuento, el cual podr\u00e1s utilizar para obtener un descuento en tus futuras compras en nuestro sitio web. Es una forma sencilla y beneficiosa de ganar descuentos mientras tus amigos disfrutan de nuestros productos de calidad. Adem\u00e1s, al ser parte de nuestro programa de afiliados, tambi\u00e9n contribuyes a promover nuestra marca y atraer nuevos clientes. \u00a1No esperes m\u00e1s y comienza a ganar descuentos mientras tus amigos compran en Wildfishbcn.es!<\/p>\n\n\n\n<div class=\"yith-wcaf yith-wcaf-registration-form woocommerce\">\n\t\n\t\n\t\t\t\t<div class=\"forms-container \">\n\n\t\t\t\n\t\t\t\n\t\t\t\n\t\t\t\t\t\t\t\t\t<h2 class=\"register-title\">\n\t\t\t\t\t\tReg\u00edstrate\t\t\t\t\t<\/h2>\n\t\t\t\t\n\t\t\t\t<div class=\"register-form\">\n\t\t\t\t\t<form method=\"post\" class=\"register\">\n\n\t\t\t\t\t\t\t\t\t\t\t\t\t\t\t\t\t\t<p class=\"form-row validate-required\" id=\"profile_first_name_field\" data-priority=\"\"><label for=\"profile_first_name\" class=\"\">Nombre&nbsp;<abbr class=\"required\" title=\"required\">*<\/abbr><\/label><span class=\"woocommerce-input-wrapper\"><input type=\"text\" class=\"input-text \" name=\"first_name\" id=\"profile_first_name\" placeholder=\"\"  value=\"\"  \/><\/span><\/p><p class=\"form-row validate-required\" id=\"profile_last_name_field\" data-priority=\"\"><label for=\"profile_last_name\" class=\"\">Apellido&nbsp;<abbr class=\"required\" title=\"required\">*<\/abbr><\/label><span class=\"woocommerce-input-wrapper\"><input type=\"text\" class=\"input-text \" name=\"last_name\" id=\"profile_last_name\" placeholder=\"\"  value=\"\"  \/><\/span><\/p><p class=\"form-row validate-required\" id=\"profile_email_field\" data-priority=\"\"><label for=\"profile_email\" class=\"\">Direcci\u00f3n de correo electr\u00f3nico&nbsp;<abbr class=\"required\" title=\"required\">*<\/abbr><\/label><span class=\"woocommerce-input-wrapper\"><input type=\"email\" class=\"input-text \" name=\"email\" id=\"profile_email\" placeholder=\"\"  value=\"\"  \/><\/span><\/p>\t\t\t<p class=\"form-row\">\n\t\t\t\t<span class=\"woocommerce-privacy-policy-text\">\n\t\t\t\t\tTus datos personales se utilizar\u00e1n para procesar tu pedido, mejorar tu experiencia en esta web, gestionar el acceso a tu cuenta y otros prop\u00f3sitos descritos en nuestra <a href=\"https:\/\/pecesbaratos.es\/?page_id=3\" class=\"woocommerce-privacy-policy-link\" target=\"_blank\">privacy policy<\/a>.\t\t\t\t<\/span>\n\t\t\t<\/p>\n\t\t\t<p class=\"form-row terms-label validate-required\" id=\"profile_terms_field\" data-priority=\"\"><span class=\"woocommerce-input-wrapper\"><label class=\"checkbox terms-label\" >\n\t\t\t\t\t\t<input type=\"checkbox\" class=\"input-checkbox \" name=\"terms\" id=\"profile_terms\" value=\"1\"  \/> He le\u00eddo y estoy de acuerdo con los terms and conditions de la web&nbsp;<abbr class=\"required\" title=\"required\">*<\/abbr><\/label><\/span><\/p>\t\t\t\t\t\t\n\t\t\t\t\t\t<p class=\"form-row\">\n\t\t\t\t\t\t\t<input type=\"hidden\" id=\"woocommerce-register-nonce\" name=\"woocommerce-register-nonce\" value=\"b3d7a7407d\" \/><input type=\"hidden\" name=\"_wp_http_referer\" value=\"\/index.php\/wp-json\/wp\/v2\/pages\/927\" \/>\t\t\t\t\t\t\t<input type=\"hidden\" id=\"register_affiliate\" name=\"register_affiliate\" value=\"a6c251b167\" \/>\n\t\t\t\t\t\t\t<input type=\"submit\" class=\"button\" name=\"register\" value=\"Reg\u00edstrate\"\/>\n\t\t\t\t\t\t<\/p>\n\n\t\t\t\t\t\t\n\t\t\t\t\t<\/form>\n\t\t\t\t<\/div>\n\n\t\t\t\n\t\t\t\n\t\t<\/div>\n\n\t<\/div>\n\n","protected":false},"excerpt":{"rendered":"<p>Con nuestro programa de afiliados puedes ganar descuentos o comisiones por recomendar productos o servicios a otras personas. En el caso espec\u00edfico de Wildfishbcn.es, nuestro programa de afiliados te ofrece la oportunidad de recibir un 10% del importe que pague tu referido en un cheque descuento para tu pr\u00f3xima compra. Imagina que tienes amigos o [&hellip;]<\/p>\n","protected":false},"author":1,"featured_media":0,"parent":0,"menu_order":0,"comment_status":"closed","ping_status":"closed","template":"","meta":{"footnotes":""},"class_list":["post-927","page","type-page","status-publish","hentry"],"_links":{"self":[{"href":"https:\/\/pecesbaratos.es\/index.php\/wp-json\/wp\/v2\/pages\/927","targetHints":{"allow":["GET"]}}],"collection":[{"href":"https:\/\/pecesbaratos.es\/index.php\/wp-json\/wp\/v2\/pages"}],"about":[{"href":"https:\/\/pecesbaratos.es\/index.php\/wp-json\/wp\/v2\/types\/page"}],"author":[{"embeddable":true,"href":"https:\/\/pecesbaratos.es\/index.php\/wp-json\/wp\/v2\/users\/1"}],"replies":[{"embeddable":true,"href":"https:\/\/pecesbaratos.es\/index.php\/wp-json\/wp\/v2\/comments?post=927"}],"version-history":[{"count":1,"href":"https:\/\/pecesbaratos.es\/index.php\/wp-json\/wp\/v2\/pages\/927\/revisions"}],"predecessor-version":[{"id":1355,"href":"https:\/\/pecesbaratos.es\/index.php\/wp-json\/wp\/v2\/pages\/927\/revisions\/1355"}],"wp:attachment":[{"href":"https:\/\/pecesbaratos.es\/index.php\/wp-json\/wp\/v2\/media?parent=927"}],"curies":[{"name":"wp","href":"https:\/\/api.w.org\/{rel}","templated":true}]}}